ate n(6).
6
Let x(l) = -8*l - 8. Calculate x(9).
-80
Let g(b) = b**2 + 31*b + 62. Determine g(-29).
4
Let l(q) = -11*q - 76. Determine l(-6).
-10
Let r(o) = 5*o - 5. What is r(3)?
10
Let f(s) = s**2 + 4*s - 2. What is f(5)?
43
Let g(o) = -o**3 - 4*o**2 + 6*o + 67. Give g(-5).
62
Let l(k) = -5*k - 9. Calculate l(4).
-29
Let j(i) = i**3 - 6*i**2 + 7. Calculate j(5).
-18
Let t(w) = -4*w**2 - 8*w - 10. Calculate t(-2).
-10
Let q(d) = d**3 + 10*d**2 - 9*d - 1. What is q(-10)?
89
Let m(v) = 2*v - 1. Calculate m(-4).
-9
Let g(n) = -n**3 + 12*n**2 + 2*n + 5. Calculate g(12).
29
Let c(n) = 2*n**2 - 22*n + 42. Determine c(4).
-14
Let q(a) = -a**2 - a + 9. Determine q(-3).
3
Let m(p) = -p**3 + 6*p**2 + 4*p + 17. Give m(7).
-4
Let m(d) = -d**3 - 3*d**2 + 14*d - 17. Calculate m(-6).
7
Let v(g) = 3*g + 1. Give v(8).
25
Let j(f) = f**3 + 7*f**2 - 4*f + 40. Calculate j(-8).
8
Let w(k) = -2*k**2 - 28*k + 5. Determine w(-14).
5
Let i(w) = -5*w**2 - w + 2. Calculate i(1).
-4
Let h(r) = -r**2 - 2*r + 25. Determine h(-5).
10
Let p(c) = -c**3 - 10*c**2 - 7*c + 10. What is p(-9)?
-8
Let l(v) = 12*v**3 - 3*v**2 + 3*v + 10. Give l(-2).
-104
Let b(v) = -v**3 + 7*v**2 - 10*v + 5. Give b(3).
11
Let h(l) = 12*l**2 - 20*l + 19. Determine h(1).
11
Let f(n) = 7*n**3 - 2*n**2 - n. Determine f(-1).
-8
Let g(y) = 12*y**2 + 71*y - 2. Determine g(-6).
4
Let j(n) = n**2 - 8*n. Determine j(4).
-16
Let d(x) = 45*x - 183. Give d(4).
-3
Let n(m) = m**3 + 6*m**2 - 7. Calculate n(-4).
25
Let x(t) = -t**3 - t**2 - 2*t + 3. What is x(0)?
3
Let z(m) = -6*m - 4. Calculate z(6).
-40
Let s(w) = -w**3 - 5*w**2 + 13*w - 16. Calculate s(-7).
-9
Let f(l) = l**3 + 4*l**2 - 4*l - 15. Calculate f(-4).
1
Let l(n) = 120*n + 11. Calculate l(1).
131
Let i(h) = h**2 - 16*h - 55. What is i(19)?
2
Let v(c) = -2*c**2 - 19*c - 39. Give v(-6).
3
Let g(b) = -b**3 - 10*b**2 + 11*b + 3. Determine g(-11).
3
Let h(q) = 14*q + 11. What is h(12)?
179
Let g(r) = r**3 - 4*r**2 - 3*r + 10. Give g(5).
20
Let u(g) = g**2 - 2*g - 19. Calculate u(9).
44
Let z(f) = 10*f - 14. Calculate z(-6).
-74
Let s(q) = 23*q**2 + 41*q - 41. Give s(1).
23
Let j(x) = x**3 - 9*x**2 - 7*x - 28. Determine j(9).
-91
Let r(c) = -c**3 + 5*c**2 - 7*c + 13. What is r(4)?
1
Let z(w) = -w**3 + 4*w**2 + 4*w - 9. Determine z(4).
7
Let u(b) = -b**3 - 27*b**2 + 62*b - 6. What is u(2)?
2
Let w(j) = -j**3 + j**2 - 9*j + 7. Calculate w(3).
-38
Let d(a) = -a**3 + 13*a**2 + 4*a - 2. Determine d(13).
50
Let h(m) = -m**3 - 10*m**2 - 10*m - 6. Calculate h(-9).
3
Let t(v) = v**3 + 7*v**2 - 3*v - 28. What is t(-7)?
-7
Let s(n) = -3*n - 18. What is s(-5)?
-3
Let g(t) = 12*t + 33. Determine g(-3).
-3
Let a(x) = -9*x**2 - 20*x + 20. Calculate a(1).
-9
Let o(d) = 8*d + 48. What is o(-7)?
-8
Let f(w) = -3*w**3 + w**2 + 6*w - 3. Give f(3).
-57
Let f(i) = -3*i + 5. Give f(-6).
23
Let i(b) = -8*b - 88. Calculate i(-12).
8
Let f(l) = 2*l. What is f(1)?
2
Let f(q) = -q - 18. Determine f(-9).
-9
Let a(d) = d**3 - 3*d**2 - 5. Give a(4).
11
Let g(b) = 5*b + 30. Determine g(-5).
5
Let s(i) = -i**3 - 5*i**2 - 6. Give s(-5).
-6
Let c(t) = t**3 - 24*t**2 + 18*t + 87. Give c(23).
-28
Let r(i) = i**2 + 7*i + 13. Give r(-5).
3
Let j(w) = -28*w + 11. Calculate j(-2).
67
Let o(r) = r**3 - 8*r**2 + 17. Calculate o(8).
17
Let s(b) = -4*b - 46. What is s(-12)?
2
Let l(x) = -x**2 + 9*x - 36. What is l(16)?
-148
Let i(a) = 3*a + 10. Calculate i(-12).
-26
Let k(s) = 4*s + 22. Determine k(-13).
-30
Let m(c) = -15*c - 84. What is m(-6)?
6
Let l(y) = 5*y + 22. Determine l(0).
22
Let r(i) = i**3 - 6*i**2 - 1. Calculate r(6).
-1
Let q(n) = n**2 + 15*n + 15. What is q(-14)?
1
Let t(n) = 13*n + 37. Calculate t(-2).
11
Let i(a) = -a**3 - 14*a**2 - 12*a - 7. Determine i(-13).
-20
Let b(s) = s + 3. Determine b(-3).
0
Let w(t) = 163*t**3 + 3*t - 3. Give w(1).
163
Let p(x) = -x**3 - 7*x**2 + 21*x - 12. Give p(-10).
78
Let o(d) = d**2 + 4*d + 13. What is o(-4)?
13
Let n(o) = 16*o + 12. Determine n(-6).
-84
Let a(z) = z**2 - 16*z + 26. Determine a(9).
-37
Let p(j) = 10*j - 17. Calculate p(4).
23
Let f(i) = -2*i - 12. Give f(-8).
4
Let c(y) = -y**3 + 18*y**2 + y - 18. Give c(18).
0
Let n(k) = 4*k + 15. Calculate n(-6).
-9
Let u(s) = 76*s + 301. Give u(-4).
-3
Let j(a) = 28*a + 12. Determine j(-4).
-100
Let w(x) = -2*x**3 - 58*x**2 - x - 9. Give w(-29).
20
Let c(s) = -10*s - 2. Calculate c(3).
-32
Let b(y) = -156*y - 152. What is b(-1)?
4
Let c(s) = -7*s - 18. Give c(-4).
10
Let o(a) = 5*a - 1. Give o(18).
89
Let u(h) = -10*h - 74. What is u(-7)?
-4
Let t(w) = -w**2 + 3*w + 17. Determine t(-7).
-53
Let u(j) = -3*j**2 + 6*j - 3. Give u(2).
-3
Let o(r) = -3*r - 44. Determine o(-10).
-14
Let o(w) = 3*w - 62. What is o(20)?
-2
Let p(u) = -2*u**3 - 8*u**2 - 9*u - 2. Determine p(-4).
34
Let r(w) = -15*w**3 - 3*w**2 + 2*w. Calculate r(1).
-16
Let d(c) = 3*c - 2. Calculate d(-4).
-14
Let g(r) = -r**2 + 17*r + 12. Give g(5).
72
Let k(a) = a**2 - 5*a + 13. Give k(6).
19
Let f(d) = -d**2 + 17*d - 10. Determine f(16).
6
Let i(j) = 2*j**3 + 75*j**2 + 40*j + 118. Calculate i(-37).
7
Let b(r) = -r**2 + 22*r - 10. Calculate b(22).
-10
Let t(i) = -i**2 + 20*i - 56. Calculate t(17).
-5
Let i(x) = x**2 + 13*x + 31. Determine i(-9).
-5
Let n(v) = -22*v + 4. What is n(0)?
4
Let h(o) = 3*o**2 + 8*o - 3. Give h(-6).
57
Let v(q) = q**3 - 15*q**2 + q - 6. Determine v(15).
9
Let r(l) = 2*l - 15. Determine r(4).
-7
Let r(k) = -k**2 - 2*k - 4. What is r(-6)?
-28
Let i(a) = -a**3 - 7*a**2 + 4*a + 15. Give i(-7).
-13
Let i(p) = -p**3 - 17*p**2 - 17*p - 22. Give i(-16).
-6
Let c(l) = -l**3 - 9*l**2 - 16*l - 14. Give c(-7).
0
Let x(c) = -2*c - 49. Give x(0).
-49
Let o(m) = 3*m**2 + 69*m - 4. What is o(-23)?
-4
Let n(x) = x**2 - 2*x - 84. Calculate n(10).
-4
Let t(f) = 2*f. What is t(2)?
4
Let u(b) = -11*b - 3. Give u(-2).
19
Let m(o) = -o**3 - 17*o**2 - o - 15. Determine m(-17).
2
Let m(f) = f**3 - 18*f**2 - 19*f. Calculate m(19).
0
Let g(f) = f**3 - f**2 + f - 21. Give g(0).
-21
Let f(q) = 2*q**3 + 54*q**2 + 51*q - 35. Calculate f(-26).
-9
Let t(f) = 3*f**2 - 48*f - 6. What is t(16)?
-6
Let o(l) = l**2 + 14*l + 8. Determine o(-13).
-5
Let s(u) = -u**3 + 11*u**2 - 21*u - 43. Calculate s(7).
6
Let i(p) = 31*p - 1. Calculate i(-1).
-32
Let a(w) = 28*w + 23. Give a(-2).
-33
Let o(y) = -8*y + 36. Calculate o(5).
-4
Let x(o) = o**3 + 2*o**2 + 5*o + 2. Give x(0).
2
Let c(m) = -7*m + 10. Calculate c(2).
-4
Let o(i) = 3*i**2 + 16*i + 3. What is o(-4)?
-13
Let l(v) = -v**3 - 15*v**2 - 14*v - 1. What is l(-14)?
-1
Let d(n) = -n**3 - n**2 + 6*n - 9. Determine d(2).
-9
Let r(d) = d**2 - 11*d + 48. What is r(11)?
48
Let g(o) = -o**3 + 2*o - 9. Calculate g(0).
-9
Let n(f) = -f**3 + 6*f**2 - 3*f - 13. Give n(6).
-31
Let a(w) = 2*w**2 - 39*w - 16. What is a(20)?
4
Let x(z) = 141*z + 839. Calculate x(-6).
-7
Let s(x) = -x + 2. Give s(7).
-5
Let k(b) = -3*b + 1. What is k(-2)?
7
Let x(t) = -t**3 - 4*t**2 - 5*t - 3. What is x(-3)?
3
Let d(w) = -w**3 + 8*w**2 + 12*w - 29. Calculate d(9).
-2
Let s(i) = 3*i + 18. What is s(-11)?
-15
Let y(h) = h**3 + 8*h**2 + 6*h + 10. Determine y(-7).
17
Let l(h) = 30*h - 78. Give l(3).
12
Let b(t) = t**3 + t**2 - 2*t + 25. Give b(0).
25
Let i(b) = -b**2 - 18*b + 79. What is i(-22)?
-9
Let v(g) = -2*g**3 - g**2 - 3. What is v(-2)?
9
Let w(o) = o**3 + 26*o**2 + o + 46. What is w(-26)?
20
Let o(s) = s**2 - 3*s + 5. Calculate o(3).
5
Let m(i) = 2*i**2 - 39*i + 27. Calculate m(19).
8
Let s(m) = -3*m - 14. Determine s(-6).
4
Let y(p) = -p**2 - 20*p - 98. What is y(-10)?
2
Let r(k) = k**3 - 5*k**2 - 8*k + 6. Determine r(5).
-34
Let i(l) = -l**2 + 3*l - 11. Determine i(-11).
-165
Let s(b) = b**2 + 37*b - 163. Give s(4).
1
Let o(r) = -3*r**2 + 2*r + 2. What is o(3)?
-19
Let q(a) = a**2 - 20*a - 22. Calculate q(18).
-58
Let i(o) = o**2 - o + 32. Calculate i(0).
32
Let j(a) = -a + 5. Give j(-6).
11
Let f(o) = o**2 - 25*o + 20. Give f(24).
-4
Let j(n) = n**2 - 11*n + 21. Determine j(6).
-9
Let l(f) = -3*f**2 - 11*f + 13. What is l(-6)?
-29
Let a(i) = -2*i - 9. What is a(-4)?
-1
Let w(q) = q**2 - 12*q + 5. Give w(11).
-6
Let b(n) = -9*n - 7. Determine b(-4).
29
Let l(y) = -y - 2. Give l(8).
-10
Let q(w) = w**2 - 21*w + 65. Give q(20).
45
Let c(i) = 42*i + 466. What is c(-11)?
4
Let w(t) = -2*t + 12. Determine w(10).
-8
Let c(t) = 